{"id":7424,"date":"2024-03-28T19:49:11","date_gmt":"2024-03-28T19:49:11","guid":{"rendered":"https:\/\/projedoktoru.com\/?page_id=7424"},"modified":"2024-03-31T18:12:49","modified_gmt":"2024-03-31T18:12:49","slug":"project-cafe","status":"publish","type":"page","link":"https:\/\/projedoktoru.com\/index.php\/project-cafe\/","title":{"rendered":"PROJECT CAFE"},"content":{"rendered":"\t\t<div data-elementor-type=\"wp-page\" data-elementor-id=\"7424\" class=\"elementor elementor-7424\">\n\t\t\t\t<div class=\"elementor-element elementor-element-3e3f937 e-flex e-con-boxed e-con e-parent\" data-id=\"3e3f937\" data-element_type=\"container\">\n\t\t\t\t\t<div class=\"e-con-inner\">\n\t\t\t\t\t<\/div>\n\t\t\t\t<\/div>\n\t\t<div class=\"elementor-element elementor-element-148d2c1 e-flex e-con-boxed e-con e-parent\" data-id=\"148d2c1\" data-element_type=\"container\">\n\t\t\t\t\t<div class=\"e-con-inner\">\n\t\t\t\t<div class=\"elementor-element elementor-element-4af40f9 elementor-grid-3 elementor-grid-tablet-2 elementor-grid-mobile-1 elementor-widget elementor-widget-wpzoom-elementor-addons-posts-grid\" data-id=\"4af40f9\" data-element_type=\"widget\" data-settings=\"{&quot;columns&quot;:&quot;3&quot;,&quot;columns_tablet&quot;:&quot;2&quot;,&quot;columns_mobile&quot;:&quot;1&quot;}\" data-widget_type=\"wpzoom-elementor-addons-posts-grid.default\">\n\t\t\t\t<div class=\"elementor-widget-container\">\n\t\t\t\t\t\t\t<div \n\t\t\tclass=\"wpz-grid\" \n\t\t\tdata-uid=\"4af40f9\"\n\t\t\tdata-offset=\"3\"\n\t\t\tdata-posts-grid='{\"posts_per_page\":3,\"post_status\":\"publish\",\"paged\":1,\"post__not_in\":[],\"ignore_sticky_posts\":true,\"category_name\":\"\",\"no_found_rows\":true,\"orderby\":\"post_date\",\"order\":\"desc\",\"offset\":3,\"show_image\":\"yes\",\"post_thumbnail_size\":\"full\",\"show_title\":\"yes\",\"title_tag\":\"h3\",\"meta_data\":[\"date\",\"comments\"],\"show_excerpt\":\"yes\",\"excerpt_length\":25,\"show_read_more\":\"yes\",\"read_more_text\":\"Read More \\u00bb\",\"grid_style\":\"1\",\"total\":0}'>\n\t\t\t\t\t\t<div class=\"wpz-grid-container elementor-grid wpz-grid-desktop-3  wpz-grid-tablet-2  wpz-grid-mobile-1 \">\n\t\t\t\t\n        <article id=\"post-5984\" class=\"wpz-post post-5984 post type-post status-publish format-standard has-post-thumbnail hentry category-uncategorized\">\n         \n            <div class=\"post-grid-inner\">\n            \t\n            \t\t\t\t<div class=\"post-grid-thumbnail\">\n\t\t\t\t<a href=\"https:\/\/projedoktoru.com\/index.php\/2019\/11\/09\/gutenberg-sample-post\/\" title=\"Gutenberg Sample Post\">\n\t\t\t\t\t<img fetchpriority=\"high\" width=\"1000\" height=\"1000\" src=\"https:\/\/projedoktoru.com\/wp-content\/uploads\/2019\/11\/pyoz2023.jpg\" class=\"attachment-full size-full wp-post-image\" alt=\"\" decoding=\"async\" srcset=\"https:\/\/projedoktoru.com\/wp-content\/uploads\/2019\/11\/pyoz2023.jpg 1000w, https:\/\/projedoktoru.com\/wp-content\/uploads\/2019\/11\/pyoz2023-300x300.jpg 300w, https:\/\/projedoktoru.com\/wp-content\/uploads\/2019\/11\/pyoz2023-150x150.jpg 150w, https:\/\/projedoktoru.com\/wp-content\/uploads\/2019\/11\/pyoz2023-768x768.jpg 768w, https:\/\/projedoktoru.com\/wp-content\/uploads\/2019\/11\/pyoz2023-600x600.jpg 600w, https:\/\/projedoktoru.com\/wp-content\/uploads\/2019\/11\/pyoz2023-800x800.jpg 800w\" sizes=\"100vw\" \/>\t\t\t\t<\/a>\n\t\t\t<\/div>\n\t\t\n                <div class=\"post-grid-text-wrap\">\n               \t\t\t\t<h3 class=\"title\">\n\t\t\t<a href=\"https:\/\/projedoktoru.com\/index.php\/2019\/11\/09\/gutenberg-sample-post\/\" title=\"Gutenberg Sample Post\">Gutenberg Sample Post<\/a>\n\t\t<\/h3>\n\t\t\t                \t\t<div class=\"post-grid-meta\">\n\t\t\t<span class=\"post-date\">Kas\u0131m 9, 2019<\/span><span class=\"post-comments\">Yorum yap\u0131lmam\u0131\u015f<\/span>\t\t<\/div>\n\t\t\t                <div class=\"post-grid-excerpt\"><p>This is some dummy copy. You\u2019re not really supposed to read this dummy copy, it is just a placeholder for people who need some type&hellip;<\/p>\n<\/div>\t                <a class=\"read-more-btn\" href=\"https:\/\/projedoktoru.com\/index.php\/2019\/11\/09\/gutenberg-sample-post\/\">Read More \u00bb<\/a>                <\/div>\n\n            <\/div><!-- .blog-inner -->\n           \n        <\/article>\n\n        \n        <article id=\"post-6651\" class=\"wpz-post post-6651 post type-post status-publish format-standard has-post-thumbnail hentry category-general tag-elements tag-lorem tag-sample\">\n         \n            <div class=\"post-grid-inner\">\n            \t\n            \t\t\t\t<div class=\"post-grid-thumbnail\">\n\t\t\t\t<a href=\"https:\/\/projedoktoru.com\/index.php\/2019\/11\/03\/testing-the-elements\/\" title=\"Testing the Elements\">\n\t\t\t\t\t<img width=\"1000\" height=\"1000\" src=\"https:\/\/projedoktoru.com\/wp-content\/uploads\/2019\/11\/konusma02.jpg\" class=\"attachment-full size-full wp-post-image\" alt=\"\" decoding=\"async\" srcset=\"https:\/\/projedoktoru.com\/wp-content\/uploads\/2019\/11\/konusma02.jpg 1000w, https:\/\/projedoktoru.com\/wp-content\/uploads\/2019\/11\/konusma02-300x300.jpg 300w, https:\/\/projedoktoru.com\/wp-content\/uploads\/2019\/11\/konusma02-150x150.jpg 150w, https:\/\/projedoktoru.com\/wp-content\/uploads\/2019\/11\/konusma02-768x768.jpg 768w, https:\/\/projedoktoru.com\/wp-content\/uploads\/2019\/11\/konusma02-600x600.jpg 600w, https:\/\/projedoktoru.com\/wp-content\/uploads\/2019\/11\/konusma02-800x800.jpg 800w\" sizes=\"100vw\" \/>\t\t\t\t<\/a>\n\t\t\t<\/div>\n\t\t\n                <div class=\"post-grid-text-wrap\">\n               \t\t\t\t<h3 class=\"title\">\n\t\t\t<a href=\"https:\/\/projedoktoru.com\/index.php\/2019\/11\/03\/testing-the-elements\/\" title=\"Testing the Elements\">Testing the Elements<\/a>\n\t\t<\/h3>\n\t\t\t                \t\t<div class=\"post-grid-meta\">\n\t\t\t<span class=\"post-date\">Kas\u0131m 3, 2019<\/span><span class=\"post-comments\">Yorum yap\u0131lmam\u0131\u015f<\/span>\t\t<\/div>\n\t\t\t                <div class=\"post-grid-excerpt\"><p>This is some dummy copy. You\u2019re not really supposed to read this dummy copy, it is just a place holder for people who need some&hellip;<\/p>\n<\/div>\t                <a class=\"read-more-btn\" href=\"https:\/\/projedoktoru.com\/index.php\/2019\/11\/03\/testing-the-elements\/\">Read More \u00bb<\/a>                <\/div>\n\n            <\/div><!-- .blog-inner -->\n           \n        <\/article>\n\n        \n        <article id=\"post-6650\" class=\"wpz-post post-6650 post type-post status-publish format-standard has-post-thumbnail hentry category-videos\">\n         \n            <div class=\"post-grid-inner\">\n            \t\n            \t\t\t\t<div class=\"post-grid-thumbnail\">\n\t\t\t\t<a href=\"https:\/\/projedoktoru.com\/index.php\/2019\/11\/01\/post-with-youtube-video\/\" title=\"Post with YouTube Video\">\n\t\t\t\t\t<img width=\"1000\" height=\"1000\" src=\"https:\/\/projedoktoru.com\/wp-content\/uploads\/2019\/11\/konusma01.jpg\" class=\"attachment-full size-full wp-post-image\" alt=\"\" decoding=\"async\" srcset=\"https:\/\/projedoktoru.com\/wp-content\/uploads\/2019\/11\/konusma01.jpg 1000w, https:\/\/projedoktoru.com\/wp-content\/uploads\/2019\/11\/konusma01-300x300.jpg 300w, https:\/\/projedoktoru.com\/wp-content\/uploads\/2019\/11\/konusma01-150x150.jpg 150w, https:\/\/projedoktoru.com\/wp-content\/uploads\/2019\/11\/konusma01-768x768.jpg 768w, https:\/\/projedoktoru.com\/wp-content\/uploads\/2019\/11\/konusma01-600x600.jpg 600w, https:\/\/projedoktoru.com\/wp-content\/uploads\/2019\/11\/konusma01-800x800.jpg 800w\" sizes=\"100vw\" \/>\t\t\t\t<\/a>\n\t\t\t<\/div>\n\t\t\n                <div class=\"post-grid-text-wrap\">\n               \t\t\t\t<h3 class=\"title\">\n\t\t\t<a href=\"https:\/\/projedoktoru.com\/index.php\/2019\/11\/01\/post-with-youtube-video\/\" title=\"Post with YouTube Video\">Post with YouTube Video<\/a>\n\t\t<\/h3>\n\t\t\t                \t\t<div class=\"post-grid-meta\">\n\t\t\t<span class=\"post-date\">Kas\u0131m 1, 2019<\/span><span class=\"post-comments\">Yorum yap\u0131lmam\u0131\u015f<\/span>\t\t<\/div>\n\t\t\t                <div class=\"post-grid-excerpt\"><p>This is some dummy copy. You\u2019re not really supposed to read this dummy copy, it is just a place holder for people who need some&hellip;<\/p>\n<\/div>\t                <a class=\"read-more-btn\" href=\"https:\/\/projedoktoru.com\/index.php\/2019\/11\/01\/post-with-youtube-video\/\">Read More \u00bb<\/a>                <\/div>\n\n            <\/div><!-- .blog-inner -->\n           \n        <\/article>\n\n        \t\t\t<\/div>\n\n\t\t\t\t\t\t\t\t\n\t\t<\/div><!-- \/\/.wpz-grid -->\n\t\t\t\t\t\t<\/div>\n\t\t\t\t<\/div>\n\t\t\t\t\t<\/div>\n\t\t\t\t<\/div>\n\t\t\t\t<\/div>\n\t\t","protected":false},"excerpt":{"rendered":"<p>Gutenberg Sample Post Kas\u0131m 9, 2019Yorum yap\u0131lmam\u0131\u015f This is some dummy copy. You\u2019re not really supposed to read this dummy copy, it is just a placeholder for people who need some type to visualize what the actual copy might look like if it were real content. If you want to read, I might suggest a &hellip; <\/p>\n<p class=\"link-more\"><a href=\"https:\/\/projedoktoru.com\/index.php\/2019\/11\/01\/post-with-youtube-video\/\" class=\"more-link\"><span class=\"screen-reader-text\"> &#8220;Post with YouTube Video&#8221;<\/span>devam\u0131n\u0131 oku<\/a><\/p>\n","protected":false},"author":1,"featured_media":0,"parent":0,"menu_order":1,"comment_status":"open","ping_status":"closed","template":"elementor_header_footer","meta":{"footnotes":"","inspiro_hide_title":false},"featured_media_urls":[],"_links":{"self":[{"href":"https:\/\/projedoktoru.com\/index.php\/wp-json\/wp\/v2\/pages\/7424"}],"collection":[{"href":"https:\/\/projedoktoru.com\/index.php\/wp-json\/wp\/v2\/pages"}],"about":[{"href":"https:\/\/projedoktoru.com\/index.php\/wp-json\/wp\/v2\/types\/page"}],"author":[{"embeddable":true,"href":"https:\/\/projedoktoru.com\/index.php\/wp-json\/wp\/v2\/users\/1"}],"replies":[{"embeddable":true,"href":"https:\/\/projedoktoru.com\/index.php\/wp-json\/wp\/v2\/comments?post=7424"}],"version-history":[{"count":7,"href":"https:\/\/projedoktoru.com\/index.php\/wp-json\/wp\/v2\/pages\/7424\/revisions"}],"predecessor-version":[{"id":7440,"href":"https:\/\/projedoktoru.com\/index.php\/wp-json\/wp\/v2\/pages\/7424\/revisions\/7440"}],"wp:attachment":[{"href":"https:\/\/projedoktoru.com\/index.php\/wp-json\/wp\/v2\/media?parent=7424"}],"curies":[{"name":"wp","href":"https:\/\/api.w.org\/{rel}","templated":true}]}}