{"id":6987,"date":"2023-11-13T09:52:02","date_gmt":"2023-11-13T09:52:02","guid":{"rendered":"https:\/\/projedoktoru.com\/?page_id=6987"},"modified":"2023-11-27T07:22:15","modified_gmt":"2023-11-27T07:22:15","slug":"pyya","status":"publish","type":"page","link":"https:\/\/projedoktoru.com\/index.php\/pyya\/","title":{"rendered":"PROJE Y\u00d6NET\u0130C\u0130S\u0130 YETK\u0130NL\u0130K ARTTIRIMI"},"content":{"rendered":"\t\t<div data-elementor-type=\"wp-page\" data-elementor-id=\"6987\" class=\"elementor elementor-6987\">\n\t\t\t\t<div class=\"elementor-element elementor-element-777c00c e-con-full e-flex e-con e-parent\" data-id=\"777c00c\" data-element_type=\"container\">\n\t\t<div class=\"elementor-element elementor-element-2bb55c9 e-con-full e-flex e-con e-child\" data-id=\"2bb55c9\" data-element_type=\"container\">\n\t\t\t\t<\/div>\n\t\t<div class=\"elementor-element elementor-element-888a27a e-con-full e-flex e-con e-child\" data-id=\"888a27a\" data-element_type=\"container\">\n\t\t\t\t<div class=\"elementor-element elementor-element-36d01f0 elementor-widget elementor-widget-text-editor\" data-id=\"36d01f0\" data-element_type=\"widget\" data-widget_type=\"text-editor.default\">\n\t\t\t\t<div class=\"elementor-widget-container\">\n\t\t\t\t\t\t\t\t\t<blockquote>\n<p style=\"text-align:justify;\">Projelerin ba\u015far\u0131yla y\u00f6netilmesinde, kullan\u0131lan metotlar\u0131n uygulanmas\u0131ndaki ba\u015far\u0131 kadar Liderlik, Tak\u0131m\n\u00e7al\u0131\u015fmas\u0131, ileti\u015fim, de\u011fi\u015fim y\u00f6netimi, \u00e7at\u0131\u015fma y\u00f6netimi, beklenti y\u00f6netimi gibi sosyal yetkinliklere de sahip\nolunmas\u0131 gereklidir. Bu kapsaml\u0131 program, proje y\u00f6netim bilgi birikimine sahip ve uygulanan metodolojilere\nh\u00e2kim olan proje y\u00f6netimi profesyonellerini, bu sosyal yetkinliklerle ve ara\u00e7larla tan\u0131\u015ft\u0131rarak ki\u015fisel geli\u015fimlerine\nkatk\u0131da bulunmay\u0131 ve fark yaratan proje liderleri yeti\u015ftirmeyi ama\u00e7l\u0131yoruz.<\/p>\n<\/blockquote>\t\t\t\t\t\t\t\t<\/div>\n\t\t\t\t<\/div>\n\t\t\t\t<\/div>\n\t\t<div class=\"elementor-element elementor-element-e4d5168 e-con-full e-flex e-con e-child\" data-id=\"e4d5168\" data-element_type=\"container\">\n\t\t\t\t<\/div>\n\t\t\t\t<\/div>\n\t\t<div class=\"elementor-element elementor-element-fe09d06 e-flex e-con-boxed e-con e-parent\" data-id=\"fe09d06\" data-element_type=\"container\">\n\t\t\t\t\t<div class=\"e-con-inner\">\n\t\t<div class=\"elementor-element elementor-element-24df59e e-flex e-con-boxed e-con e-child\" data-id=\"24df59e\" data-element_type=\"container\">\n\t\t\t\t\t<div class=\"e-con-inner\">\n\t\t\t\t<div class=\"elementor-element elementor-element-418bc06 elementor-widget elementor-widget-heading\" data-id=\"418bc06\" data-element_type=\"widget\" data-widget_type=\"heading.default\">\n\t\t\t\t<div class=\"elementor-widget-container\">\n\t\t\t\t\t<h2 class=\"elementor-heading-title elementor-size-default\">Yetkinlik artt\u0131r\u0131m\u0131nda a\u015fa\u011f\u0131daki 4 ana ba\u015fl\u0131\u011fa odaklan\u0131yoruz<\/h2>\t\t\t\t<\/div>\n\t\t\t\t<\/div>\n\t\t\t\t\t<\/div>\n\t\t\t\t<\/div>\n\t\t\t\t\t<\/div>\n\t\t\t\t<\/div>\n\t\t<div class=\"elementor-element elementor-element-27dce6c e-flex e-con-boxed e-con e-parent\" data-id=\"27dce6c\" data-element_type=\"container\" data-settings=\"{&quot;background_background&quot;:&quot;classic&quot;}\">\n\t\t\t\t\t<div class=\"e-con-inner\">\n\t\t<div class=\"elementor-element elementor-element-a7940e0 e-con-full e-flex e-con e-child\" data-id=\"a7940e0\" data-element_type=\"container\">\n\t\t\t\t<div class=\"elementor-element elementor-element-c6b955d elementor-view-stacked elementor-shape-circle elementor-widget elementor-widget-icon\" data-id=\"c6b955d\" data-element_type=\"widget\" data-widget_type=\"icon.default\">\n\t\t\t\t<div class=\"elementor-widget-container\">\n\t\t\t\t\t\t\t<div class=\"elementor-icon-wrapper\">\n\t\t\t<div class=\"elementor-icon\">\n\t\t\t<svg aria-hidden=\"true\" class=\"e-font-icon-svg e-fas-user\" viewBox=\"0 0 448 512\" xmlns=\"http:\/\/www.w3.org\/2000\/svg\"><path d=\"M224 256c70.7 0 128-57.3 128-128S294.7 0 224 0 96 57.3 96 128s57.3 128 128 128zm89.6 32h-16.7c-22.2 10.2-46.9 16-72.9 16s-50.6-5.8-72.9-16h-16.7C60.2 288 0 348.2 0 422.4V464c0 26.5 21.5 48 48 48h352c26.5 0 48-21.5 48-48v-41.6c0-74.2-60.2-134.4-134.4-134.4z\"><\/path><\/svg>\t\t\t<\/div>\n\t\t<\/div>\n\t\t\t\t\t\t<\/div>\n\t\t\t\t<\/div>\n\t\t\t\t<\/div>\n\t\t<div class=\"elementor-element elementor-element-1907133 e-con-full e-flex e-con e-child\" data-id=\"1907133\" data-element_type=\"container\">\n\t\t\t\t<div class=\"elementor-element elementor-element-b8ae65e elementor-view-stacked elementor-shape-circle elementor-widget elementor-widget-icon\" data-id=\"b8ae65e\" data-element_type=\"widget\" data-widget_type=\"icon.default\">\n\t\t\t\t<div class=\"elementor-widget-container\">\n\t\t\t\t\t\t\t<div class=\"elementor-icon-wrapper\">\n\t\t\t<div class=\"elementor-icon\">\n\t\t\t<svg aria-hidden=\"true\" class=\"e-font-icon-svg e-fas-users\" viewBox=\"0 0 640 512\" xmlns=\"http:\/\/www.w3.org\/2000\/svg\"><path d=\"M96 224c35.3 0 64-28.7 64-64s-28.7-64-64-64-64 28.7-64 64 28.7 64 64 64zm448 0c35.3 0 64-28.7 64-64s-28.7-64-64-64-64 28.7-64 64 28.7 64 64 64zm32 32h-64c-17.6 0-33.5 7.1-45.1 18.6 40.3 22.1 68.9 62 75.1 109.4h66c17.7 0 32-14.3 32-32v-32c0-35.3-28.7-64-64-64zm-256 0c61.9 0 112-50.1 112-112S381.9 32 320 32 208 82.1 208 144s50.1 112 112 112zm76.8 32h-8.3c-20.8 10-43.9 16-68.5 16s-47.6-6-68.5-16h-8.3C179.6 288 128 339.6 128 403.2V432c0 26.5 21.5 48 48 48h288c26.5 0 48-21.5 48-48v-28.8c0-63.6-51.6-115.2-115.2-115.2zm-223.7-13.4C161.5 263.1 145.6 256 128 256H64c-35.3 0-64 28.7-64 64v32c0 17.7 14.3 32 32 32h65.9c6.3-47.4 34.9-87.3 75.2-109.4z\"><\/path><\/svg>\t\t\t<\/div>\n\t\t<\/div>\n\t\t\t\t\t\t<\/div>\n\t\t\t\t<\/div>\n\t\t\t\t<\/div>\n\t\t<div class=\"elementor-element elementor-element-cbefe4e e-con-full e-flex e-con e-child\" data-id=\"cbefe4e\" data-element_type=\"container\">\n\t\t\t\t<div class=\"elementor-element elementor-element-880fa92 elementor-view-stacked elementor-shape-circle elementor-widget elementor-widget-icon\" data-id=\"880fa92\" data-element_type=\"widget\" data-widget_type=\"icon.default\">\n\t\t\t\t<div class=\"elementor-widget-container\">\n\t\t\t\t\t\t\t<div class=\"elementor-icon-wrapper\">\n\t\t\t<div class=\"elementor-icon\">\n\t\t\t<svg aria-hidden=\"true\" class=\"e-font-icon-svg e-fas-user-cog\" viewBox=\"0 0 640 512\" xmlns=\"http:\/\/www.w3.org\/2000\/svg\"><path d=\"M610.5 373.3c2.6-14.1 2.6-28.5 0-42.6l25.8-14.9c3-1.7 4.3-5.2 3.3-8.5-6.7-21.6-18.2-41.2-33.2-57.4-2.3-2.5-6-3.1-9-1.4l-25.8 14.9c-10.9-9.3-23.4-16.5-36.9-21.3v-29.8c0-3.4-2.4-6.4-5.7-7.1-22.3-5-45-4.8-66.2 0-3.3.7-5.7 3.7-5.7 7.1v29.8c-13.5 4.8-26 12-36.9 21.3l-25.8-14.9c-2.9-1.7-6.7-1.1-9 1.4-15 16.2-26.5 35.8-33.2 57.4-1 3.3.4 6.8 3.3 8.5l25.8 14.9c-2.6 14.1-2.6 28.5 0 42.6l-25.8 14.9c-3 1.7-4.3 5.2-3.3 8.5 6.7 21.6 18.2 41.1 33.2 57.4 2.3 2.5 6 3.1 9 1.4l25.8-14.9c10.9 9.3 23.4 16.5 36.9 21.3v29.8c0 3.4 2.4 6.4 5.7 7.1 22.3 5 45 4.8 66.2 0 3.3-.7 5.7-3.7 5.7-7.1v-29.8c13.5-4.8 26-12 36.9-21.3l25.8 14.9c2.9 1.7 6.7 1.1 9-1.4 15-16.2 26.5-35.8 33.2-57.4 1-3.3-.4-6.8-3.3-8.5l-25.8-14.9zM496 400.5c-26.8 0-48.5-21.8-48.5-48.5s21.8-48.5 48.5-48.5 48.5 21.8 48.5 48.5-21.7 48.5-48.5 48.5zM224 256c70.7 0 128-57.3 128-128S294.7 0 224 0 96 57.3 96 128s57.3 128 128 128zm201.2 226.5c-2.3-1.2-4.6-2.6-6.8-3.9l-7.9 4.6c-6 3.4-12.8 5.3-19.6 5.3-10.9 0-21.4-4.6-28.9-12.6-18.3-19.8-32.3-43.9-40.2-69.6-5.5-17.7 1.9-36.4 17.9-45.7l7.9-4.6c-.1-2.6-.1-5.2 0-7.8l-7.9-4.6c-16-9.2-23.4-28-17.9-45.7.9-2.9 2.2-5.8 3.2-8.7-3.8-.3-7.5-1.2-11.4-1.2h-16.7c-22.2 10.2-46.9 16-72.9 16s-50.6-5.8-72.9-16h-16.7C60.2 288 0 348.2 0 422.4V464c0 26.5 21.5 48 48 48h352c10.1 0 19.5-3.2 27.2-8.5-1.2-3.8-2-7.7-2-11.8v-9.2z\"><\/path><\/svg>\t\t\t<\/div>\n\t\t<\/div>\n\t\t\t\t\t\t<\/div>\n\t\t\t\t<\/div>\n\t\t\t\t<\/div>\n\t\t<div class=\"elementor-element elementor-element-b8f7d8d e-con-full e-flex e-con e-child\" data-id=\"b8f7d8d\" data-element_type=\"container\">\n\t\t\t\t<div class=\"elementor-element elementor-element-be24fa3 elementor-view-stacked elementor-shape-circle elementor-widget elementor-widget-icon\" data-id=\"be24fa3\" data-element_type=\"widget\" data-widget_type=\"icon.default\">\n\t\t\t\t<div class=\"elementor-widget-container\">\n\t\t\t\t\t\t\t<div class=\"elementor-icon-wrapper\">\n\t\t\t<div class=\"elementor-icon\">\n\t\t\t<svg aria-hidden=\"true\" class=\"e-font-icon-svg e-fas-user-slash\" viewBox=\"0 0 640 512\" xmlns=\"http:\/\/www.w3.org\/2000\/svg\"><path d=\"M633.8 458.1L362.3 248.3C412.1 230.7 448 183.8 448 128 448 57.3 390.7 0 320 0c-67.1 0-121.5 51.8-126.9 117.4L45.5 3.4C38.5-2 28.5-.8 23 6.2L3.4 31.4c-5.4 7-4.2 17 2.8 22.4l588.4 454.7c7 5.4 17 4.2 22.5-2.8l19.6-25.3c5.4-6.8 4.1-16.9-2.9-22.3zM96 422.4V464c0 26.5 21.5 48 48 48h350.2L207.4 290.3C144.2 301.3 96 356 96 422.4z\"><\/path><\/svg>\t\t\t<\/div>\n\t\t<\/div>\n\t\t\t\t\t\t<\/div>\n\t\t\t\t<\/div>\n\t\t\t\t<\/div>\n\t\t\t\t\t<\/div>\n\t\t\t\t<\/div>\n\t\t<div class=\"elementor-element elementor-element-c6b3886 e-flex e-con-boxed e-con e-parent\" data-id=\"c6b3886\" data-element_type=\"container\" data-settings=\"{&quot;background_background&quot;:&quot;classic&quot;}\">\n\t\t\t\t\t<div class=\"e-con-inner\">\n\t\t<div class=\"elementor-element elementor-element-794bdcf e-con-full e-flex e-con e-child\" data-id=\"794bdcf\" data-element_type=\"container\">\n\t\t\t\t<div class=\"elementor-element elementor-element-e5b365f elementor-widget elementor-widget-heading\" data-id=\"e5b365f\" data-element_type=\"widget\" data-widget_type=\"heading.default\">\n\t\t\t\t<div class=\"elementor-widget-container\">\n\t\t\t\t\t<h2 class=\"elementor-heading-title elementor-size-default\">Proje Liderli\u011fi<\/h2>\t\t\t\t<\/div>\n\t\t\t\t<\/div>\n\t\t\t\t<\/div>\n\t\t<div class=\"elementor-element elementor-element-3dd1a50 e-con-full e-flex e-con e-child\" data-id=\"3dd1a50\" data-element_type=\"container\">\n\t\t\t\t<div class=\"elementor-element elementor-element-04ea675 elementor-widget elementor-widget-heading\" data-id=\"04ea675\" data-element_type=\"widget\" data-widget_type=\"heading.default\">\n\t\t\t\t<div class=\"elementor-widget-container\">\n\t\t\t\t\t<h2 class=\"elementor-heading-title elementor-size-default\">Tak\u0131m \u00c7al\u0131\u015fmas\u0131<\/h2>\t\t\t\t<\/div>\n\t\t\t\t<\/div>\n\t\t\t\t<\/div>\n\t\t<div class=\"elementor-element elementor-element-3cadf2f e-con-full e-flex e-con e-child\" data-id=\"3cadf2f\" data-element_type=\"container\">\n\t\t\t\t<div class=\"elementor-element elementor-element-ef12d66 elementor-widget elementor-widget-heading\" data-id=\"ef12d66\" data-element_type=\"widget\" data-widget_type=\"heading.default\">\n\t\t\t\t<div class=\"elementor-widget-container\">\n\t\t\t\t\t<h2 class=\"elementor-heading-title elementor-size-default\">\u0130nsan<\/h2>\t\t\t\t<\/div>\n\t\t\t\t<\/div>\n\t\t\t\t<\/div>\n\t\t<div class=\"elementor-element elementor-element-b09f3f6 e-con-full e-flex e-con e-child\" data-id=\"b09f3f6\" data-element_type=\"container\">\n\t\t\t\t<div class=\"elementor-element elementor-element-8b11cf8 elementor-widget elementor-widget-heading\" data-id=\"8b11cf8\" data-element_type=\"widget\" data-widget_type=\"heading.default\">\n\t\t\t\t<div class=\"elementor-widget-container\">\n\t\t\t\t\t<h2 class=\"elementor-heading-title elementor-size-default\">Belirsizlik ve Karma\u015f\u0131kl\u0131k Y\u00f6netimi<\/h2>\t\t\t\t<\/div>\n\t\t\t\t<\/div>\n\t\t\t\t<\/div>\n\t\t\t\t\t<\/div>\n\t\t\t\t<\/div>\n\t\t<div class=\"elementor-element elementor-element-089c88b e-flex e-con-boxed e-con e-parent\" data-id=\"089c88b\" data-element_type=\"container\" data-settings=\"{&quot;background_background&quot;:&quot;classic&quot;}\">\n\t\t\t\t\t<div class=\"e-con-inner\">\n\t\t<div class=\"elementor-element elementor-element-f7f7b70 e-con-full e-flex e-con e-child\" data-id=\"f7f7b70\" data-element_type=\"container\">\n\t\t\t\t<div class=\"elementor-element elementor-element-62a815d elementor-widget elementor-widget-text-editor\" data-id=\"62a815d\" data-element_type=\"widget\" data-widget_type=\"text-editor.default\">\n\t\t\t\t<div class=\"elementor-widget-container\">\n\t\t\t\t\t\t\t\t\t<p style=\"text-align: center;\"><span style=\"color: #ffffff;\">EQ, CQ, \u00e7at\u0131\u015fma y\u00f6netimi, motivasyon, k\u00fclt\u00fcrleraras\u0131 dinamikler<\/span><\/p>\t\t\t\t\t\t\t\t<\/div>\n\t\t\t\t<\/div>\n\t\t\t\t<\/div>\n\t\t<div class=\"elementor-element elementor-element-f9ecf20 e-con-full e-flex e-con e-child\" data-id=\"f9ecf20\" data-element_type=\"container\">\n\t\t\t\t<div class=\"elementor-element elementor-element-ac8d862 elementor-widget elementor-widget-text-editor\" data-id=\"ac8d862\" data-element_type=\"widget\" data-widget_type=\"text-editor.default\">\n\t\t\t\t<div class=\"elementor-widget-container\">\n\t\t\t\t\t\t\t\t\t<p style=\"text-align: center;\"><span style=\"color: #ffffff;\">Tak\u0131m dinamikleri, sanal tak\u0131mlarla \u00e7al\u0131\u015fma<\/span><\/p>\t\t\t\t\t\t\t\t<\/div>\n\t\t\t\t<\/div>\n\t\t\t\t<\/div>\n\t\t<div class=\"elementor-element elementor-element-351d6e7 e-con-full e-flex e-con e-child\" data-id=\"351d6e7\" data-element_type=\"container\">\n\t\t\t\t<div class=\"elementor-element elementor-element-fdc75b3 elementor-widget elementor-widget-text-editor\" data-id=\"fdc75b3\" data-element_type=\"widget\" data-widget_type=\"text-editor.default\">\n\t\t\t\t<div class=\"elementor-widget-container\">\n\t\t\t\t\t\t\t\t\t<p style=\"text-align: center;\"><span style=\"color: #ffffff;\">De\u011fi\u015fim y\u00f6netimi, ileti\u015fim y\u00f6netimi, ili\u015fki y\u00f6netimi&#8230;<\/span><\/p>\t\t\t\t\t\t\t\t<\/div>\n\t\t\t\t<\/div>\n\t\t\t\t<\/div>\n\t\t<div class=\"elementor-element elementor-element-c07f8a1 e-con-full e-flex e-con e-child\" data-id=\"c07f8a1\" data-element_type=\"container\">\n\t\t\t\t<div class=\"elementor-element elementor-element-656922a elementor-widget elementor-widget-text-editor\" data-id=\"656922a\" data-element_type=\"widget\" data-widget_type=\"text-editor.default\">\n\t\t\t\t<div class=\"elementor-widget-container\">\n\t\t\t\t\t\t\t\t\t<p style=\"text-align: center;\"><span style=\"color: #ffffff;\">Risk y\u00f6netimi, bilinmeyenlerin kategorilendirilmesi, belirsizlikte<\/span><br \/><span style=\"color: #ffffff;\">f\u0131rsatlar\u0131 kovalama<\/span><\/p>\t\t\t\t\t\t\t\t<\/div>\n\t\t\t\t<\/div>\n\t\t\t\t<\/div>\n\t\t\t\t\t<\/div>\n\t\t\t\t<\/div>\n\t\t<div class=\"elementor-element elementor-element-fb04fa8 e-con-full e-flex e-con e-parent\" data-id=\"fb04fa8\" data-element_type=\"container\">\n\t\t\t\t<div class=\"elementor-element elementor-element-5931f63 elementor-widget elementor-widget-text-editor\" data-id=\"5931f63\" data-element_type=\"widget\" data-widget_type=\"text-editor.default\">\n\t\t\t\t<div class=\"elementor-widget-container\">\n\t\t\t\t\t\t\t\t\t<h4 style=\"text-align: center;\">Bu s\u00fcre\u00e7te hem bireysel ko\u00e7luk hem de ulsulararas\u0131 deneyimli profesyonellerin tasarlad\u0131\u011f\u0131 etkili ve uygulamal\u0131<br \/>yakla\u015f\u0131mlar\u0131 da kullan\u0131yoruz.<br \/>\u00d6rne\u011fin bireysel geli\u015fim ve ekip \u00e7al\u0131\u015fmas\u0131n\u0131 etkinle\u015ftirmek i\u00e7in beraber \u00e7al\u0131\u015ft\u0131\u011f\u0131m\u0131z K\u00fc\u00e7\u00fck Prens i\u00e7eri\u011fine g\u00f6z<br \/>atabilirsiniz<\/h4><p style=\"text-align: center;\"><a href=\"http:\/\/www.thevirtualpower.com\">www.thevirtualpower.com<\/a><\/p>\t\t\t\t\t\t\t\t<\/div>\n\t\t\t\t<\/div>\n\t\t\t\t<\/div>\n\t\t<div class=\"elementor-element elementor-element-1c43bbc1 e-flex e-con-boxed e-con e-parent\" data-id=\"1c43bbc1\" data-element_type=\"container\">\n\t\t\t\t\t<div class=\"e-con-inner\">\n\t\t<div class=\"elementor-element elementor-element-7ea14e46 e-con-full e-flex e-con e-child\" data-id=\"7ea14e46\" data-element_type=\"container\">\n\t\t\t\t<div class=\"elementor-element elementor-element-6a474f4c elementor-align-center elementor-widget elementor-widget-button\" data-id=\"6a474f4c\" data-element_type=\"widget\" data-widget_type=\"button.default\">\n\t\t\t\t<div class=\"elementor-widget-container\">\n\t\t\t\t\t\t\t\t\t<div class=\"elementor-button-wrapper\">\n\t\t\t\t\t<a class=\"elementor-button elementor-button-link elementor-size-md\" href=\"https:\/\/projedoktoru.com\/index.php\/pyka\/\">\n\t\t\t\t\t\t<span class=\"elementor-button-content-wrapper\">\n\t\t\t\t\t\t<span class=\"elementor-button-icon\">\n\t\t\t\t<svg aria-hidden=\"true\" class=\"e-font-icon-svg e-fas-arrow-circle-left\" viewBox=\"0 0 512 512\" xmlns=\"http:\/\/www.w3.org\/2000\/svg\"><path d=\"M256 504C119 504 8 393 8 256S119 8 256 8s248 111 248 248-111 248-248 248zm28.9-143.6L209.4 288H392c13.3 0 24-10.7 24-24v-16c0-13.3-10.7-24-24-24H209.4l75.5-72.4c9.7-9.3 9.9-24.8.4-34.3l-11-10.9c-9.4-9.4-24.6-9.4-33.9 0L107.7 239c-9.4 9.4-9.4 24.6 0 33.9l132.7 132.7c9.4 9.4 24.6 9.4 33.9 0l11-10.9c9.5-9.5 9.3-25-.4-34.3z\"><\/path><\/svg>\t\t\t<\/span>\n\t\t\t\t\t\t\t\t<\/span>\n\t\t\t\t\t<\/a>\n\t\t\t\t<\/div>\n\t\t\t\t\t\t\t\t<\/div>\n\t\t\t\t<\/div>\n\t\t\t\t<\/div>\n\t\t<div class=\"elementor-element elementor-element-7eeaac7f e-con-full e-flex e-con e-child\" data-id=\"7eeaac7f\" data-element_type=\"container\">\n\t\t\t\t<div class=\"elementor-element elementor-element-438bf975 elementor-align-center elementor-widget elementor-widget-button\" data-id=\"438bf975\" data-element_type=\"widget\" data-widget_type=\"button.default\">\n\t\t\t\t<div class=\"elementor-widget-container\">\n\t\t\t\t\t\t\t\t\t<div class=\"elementor-button-wrapper\">\n\t\t\t\t\t<a class=\"elementor-button elementor-button-link elementor-size-md\" href=\"https:\/\/projedoktoru.com\/\">\n\t\t\t\t\t\t<span class=\"elementor-button-content-wrapper\">\n\t\t\t\t\t\t<span class=\"elementor-button-icon\">\n\t\t\t\t<svg aria-hidden=\"true\" class=\"e-font-icon-svg e-fas-arrow-circle-right\" viewBox=\"0 0 512 512\" xmlns=\"http:\/\/www.w3.org\/2000\/svg\"><path d=\"M256 8c137 0 248 111 248 248S393 504 256 504 8 393 8 256 119 8 256 8zm-28.9 143.6l75.5 72.4H120c-13.3 0-24 10.7-24 24v16c0 13.3 10.7 24 24 24h182.6l-75.5 72.4c-9.7 9.3-9.9 24.8-.4 34.3l11 10.9c9.4 9.4 24.6 9.4 33.9 0L404.3 273c9.4-9.4 9.4-24.6 0-33.9L271.6 106.3c-9.4-9.4-24.6-9.4-33.9 0l-11 10.9c-9.5 9.6-9.3 25.1.4 34.4z\"><\/path><\/svg>\t\t\t<\/span>\n\t\t\t\t\t\t\t\t<\/span>\n\t\t\t\t\t<\/a>\n\t\t\t\t<\/div>\n\t\t\t\t\t\t\t\t<\/div>\n\t\t\t\t<\/div>\n\t\t\t\t<\/div>\n\t\t\t\t\t<\/div>\n\t\t\t\t<\/div>\n\t\t\t\t<\/div>\n\t\t","protected":false},"excerpt":{"rendered":"<p>Projelerin ba\u015far\u0131yla y\u00f6netilmesinde, kullan\u0131lan metotlar\u0131n uygulanmas\u0131ndaki ba\u015far\u0131 kadar Liderlik, Tak\u0131m \u00e7al\u0131\u015fmas\u0131, ileti\u015fim, de\u011fi\u015fim y\u00f6netimi, \u00e7at\u0131\u015fma y\u00f6netimi, beklenti y\u00f6netimi gibi sosyal yetkinliklere de sahip olunmas\u0131 gereklidir. Bu kapsaml\u0131 program, proje y\u00f6netim bilgi birikimine sahip ve uygulanan metodolojilere h\u00e2kim olan proje y\u00f6netimi profesyonellerini, bu sosyal yetkinliklerle ve ara\u00e7larla tan\u0131\u015ft\u0131rarak ki\u015fisel geli\u015fimlerine katk\u0131da bulunmay\u0131 ve fark yaratan proje &hellip; <\/p>\n<p class=\"link-more\"><a href=\"https:\/\/projedoktoru.com\/index.php\/pyya\/\" class=\"more-link\"><span class=\"screen-reader-text\"> &#8220;PROJE Y\u00d6NET\u0130C\u0130S\u0130 YETK\u0130NL\u0130K ARTTIRIMI&#8221;<\/span>devam\u0131n\u0131 oku<\/a><\/p>\n","protected":false},"author":1,"featured_media":7074,"parent":0,"menu_order":0,"comment_status":"closed","ping_status":"closed","template":"page-templates\/full-width-builder-bb.php","meta":{"footnotes":"","inspiro_hide_title":false},"featured_media_urls":{"thumbnail":["https:\/\/projedoktoru.com\/wp-content\/uploads\/2023\/11\/pyya-150x150.jpg",150,150,true],"medium":["https:\/\/projedoktoru.com\/wp-content\/uploads\/2023\/11\/pyya-300x169.jpg",300,169,true],"medium_large":["https:\/\/projedoktoru.com\/wp-content\/uploads\/2023\/11\/pyya-768x432.jpg",768,432,true],"large":["https:\/\/projedoktoru.com\/wp-content\/uploads\/2023\/11\/pyya-1024x576.jpg",950,534,true],"1536x1536":["https:\/\/projedoktoru.com\/wp-content\/uploads\/2023\/11\/pyya-1536x864.jpg",1536,864,true],"2048x2048":["https:\/\/projedoktoru.com\/wp-content\/uploads\/2023\/11\/pyya.jpg",1920,1080,false],"inspiro-featured-image":["https:\/\/projedoktoru.com\/wp-content\/uploads\/2023\/11\/pyya.jpg",1920,1080,false],"inspiro-loop":["https:\/\/projedoktoru.com\/wp-content\/uploads\/2023\/11\/pyya-950x320.jpg",950,320,true],"inspiro-loop@2x":["https:\/\/projedoktoru.com\/wp-content\/uploads\/2023\/11\/pyya-1900x640.jpg",1900,640,true],"portfolio_item-thumbnail":["https:\/\/projedoktoru.com\/wp-content\/uploads\/2023\/11\/pyya-600x400.jpg",600,400,true],"portfolio_item-thumbnail@2x":["https:\/\/projedoktoru.com\/wp-content\/uploads\/2023\/11\/pyya-1200x800.jpg",1200,800,true],"portfolio_item-masonry":["https:\/\/projedoktoru.com\/wp-content\/uploads\/2023\/11\/pyya-600x338.jpg",600,338,true],"portfolio_item-masonry@2x":["https:\/\/projedoktoru.com\/wp-content\/uploads\/2023\/11\/pyya-1200x675.jpg",1200,675,true],"portfolio_item-thumbnail_cinema":["https:\/\/projedoktoru.com\/wp-content\/uploads\/2023\/11\/pyya-800x335.jpg",800,335,true],"portfolio_item-thumbnail_portrait":["https:\/\/projedoktoru.com\/wp-content\/uploads\/2023\/11\/pyya-600x900.jpg",600,900,true],"portfolio_item-thumbnail_portrait@2x":["https:\/\/projedoktoru.com\/wp-content\/uploads\/2023\/11\/pyya-1200x1080.jpg",1200,1080,true],"portfolio_item-thumbnail_square":["https:\/\/projedoktoru.com\/wp-content\/uploads\/2023\/11\/pyya-800x800.jpg",800,800,true]},"_links":{"self":[{"href":"https:\/\/projedoktoru.com\/index.php\/wp-json\/wp\/v2\/pages\/6987"}],"collection":[{"href":"https:\/\/projedoktoru.com\/index.php\/wp-json\/wp\/v2\/pages"}],"about":[{"href":"https:\/\/projedoktoru.com\/index.php\/wp-json\/wp\/v2\/types\/page"}],"author":[{"embeddable":true,"href":"https:\/\/projedoktoru.com\/index.php\/wp-json\/wp\/v2\/users\/1"}],"replies":[{"embeddable":true,"href":"https:\/\/projedoktoru.com\/index.php\/wp-json\/wp\/v2\/comments?post=6987"}],"version-history":[{"count":40,"href":"https:\/\/projedoktoru.com\/index.php\/wp-json\/wp\/v2\/pages\/6987\/revisions"}],"predecessor-version":[{"id":7386,"href":"https:\/\/projedoktoru.com\/index.php\/wp-json\/wp\/v2\/pages\/6987\/revisions\/7386"}],"wp:featuredmedia":[{"embeddable":true,"href":"https:\/\/projedoktoru.com\/index.php\/wp-json\/wp\/v2\/media\/7074"}],"wp:attachment":[{"href":"https:\/\/projedoktoru.com\/index.php\/wp-json\/wp\/v2\/media?parent=6987"}],"curies":[{"name":"wp","href":"https:\/\/api.w.org\/{rel}","templated":true}]}}