{"id":6948,"date":"2023-11-13T08:37:21","date_gmt":"2023-11-13T08:37:21","guid":{"rendered":"https:\/\/projedoktoru.com\/?page_id=6948"},"modified":"2023-11-27T07:20:36","modified_gmt":"2023-11-27T07:20:36","slug":"pyka-2","status":"publish","type":"page","link":"https:\/\/projedoktoru.com\/index.php\/pyka-2\/","title":{"rendered":"PROJE Y\u00d6NET\u0130M\u0130 KAPAS\u0130TE ARTTIRIMI"},"content":{"rendered":"\t\t<div data-elementor-type=\"wp-page\" data-elementor-id=\"6948\" class=\"elementor elementor-6948\">\n\t\t\t\t<div class=\"elementor-element elementor-element-777c00c e-flex e-con-boxed e-con e-parent\" data-id=\"777c00c\" data-element_type=\"container\">\n\t\t\t\t\t<div class=\"e-con-inner\">\n\t\t<div class=\"elementor-element elementor-element-2bb55c9 e-con-full e-flex e-con e-child\" data-id=\"2bb55c9\" data-element_type=\"container\">\n\t\t\t\t<\/div>\n\t\t<div class=\"elementor-element elementor-element-888a27a e-con-full e-flex e-con e-child\" data-id=\"888a27a\" data-element_type=\"container\">\n\t\t\t\t<div class=\"elementor-element elementor-element-36d01f0 elementor-widget elementor-widget-text-editor\" data-id=\"36d01f0\" data-element_type=\"widget\" data-widget_type=\"text-editor.default\">\n\t\t\t\t<div class=\"elementor-widget-container\">\n\t\t\t\t\t\t\t\t\t<blockquote>\n<p style=\"text-align:justify;\">Projelerin ba\u015flat\u0131lmas\u0131, planlanmas\u0131, y\u00fcr\u00fct\u00fclmesi, monitor ve kontrol edilmesi, ve kapat\u0131lmas\u0131 a\u015famalar\u0131 ve bu\na\u015famalar\u0131n her birisinin etkin y\u00fcr\u00fct\u00fclmesi projelerin ba\u015far\u0131s\u0131 i\u00e7in kritik rol oynamaktad\u0131r. Projenin her bir hayat\nd\u00f6ng\u00fcs\u00fc safhas\u0131nda birbiriyle i\u00e7 i\u00e7e ge\u00e7mi\u015f temel proje y\u00f6netimi bilgi alanlar\u0131n\u0131n derinlemesine uygulanmas\u0131 ise\nproje ba\u015far\u0131s\u0131n\u0131 garantileyen bir di\u011fer \u00f6nemli unsurdur.\nBir taraftan proje hayat d\u00f6ng\u00fcs\u00fc a\u015famalar\u0131ndan beklenen \u00e7\u0131kt\u0131lar\u0131n varl\u0131\u011f\u0131, etkin kullan\u0131m\u0131 ve s\u00fcre\u00e7 i\u00e7inde\nuygulanabilirliklerini de\u011ferlendirirken, di\u011fer taraftan her bir bilgi alan\u0131n\u0131n (kapsam y\u00f6netimi, zaman y\u00f6netimi,\nmaliyet y\u00f6netimi, ileti\u015fim y\u00f6netimi, payda\u015f y\u00f6netimi, risk y\u00f6netimi, entegrasyon, kalite y\u00f6netimi, insan\nkaynaklar\u0131 y\u00f6netimi, alty\u00fcklenici y\u00f6netimi) kendi dinamiklerinin ve yakla\u015f\u0131mlar\u0131n\u0131n kurum i\u00e7inde hem s\u00fcre\u00e7lere\nne kadar yans\u0131t\u0131labilidi\u011fini hem de hangi seviyede uygulanabildi\u011fini de\u011ferlendiriyoruz.<\/p>\n<\/blockquote>\t\t\t\t\t\t\t\t<\/div>\n\t\t\t\t<\/div>\n\t\t\t\t<\/div>\n\t\t<div class=\"elementor-element elementor-element-e4d5168 e-con-full e-flex e-con e-child\" data-id=\"e4d5168\" data-element_type=\"container\">\n\t\t\t\t<\/div>\n\t\t\t\t\t<\/div>\n\t\t\t\t<\/div>\n\t\t<div class=\"elementor-element elementor-element-fe09d06 e-flex e-con-boxed e-con e-parent\" data-id=\"fe09d06\" data-element_type=\"container\">\n\t\t\t\t\t<div class=\"e-con-inner\">\n\t\t<div class=\"elementor-element elementor-element-24df59e e-flex e-con-boxed e-con e-child\" data-id=\"24df59e\" data-element_type=\"container\">\n\t\t\t\t\t<div class=\"e-con-inner\">\n\t\t\t\t\t<\/div>\n\t\t\t\t<\/div>\n\t\t\t\t\t<\/div>\n\t\t\t\t<\/div>\n\t\t<div class=\"elementor-element elementor-element-2ba663d e-con-full e-flex e-con e-parent\" data-id=\"2ba663d\" data-element_type=\"container\" data-settings=\"{&quot;background_background&quot;:&quot;classic&quot;}\">\n\t\t<div class=\"elementor-element elementor-element-5babc31 e-con-full e-flex e-con e-child\" data-id=\"5babc31\" data-element_type=\"container\">\n\t\t\t\t<div class=\"elementor-element elementor-element-1aa9fdb elementor-widget elementor-widget-text-editor\" data-id=\"1aa9fdb\" data-element_type=\"widget\" data-widget_type=\"text-editor.default\">\n\t\t\t\t<div class=\"elementor-widget-container\">\n\t\t\t\t\t\t\t\t\t<h2 style=\"text-align: center;\"><span style=\"color: #ffffff;\"><strong>Kurum k\u00fclt\u00fcr\u00fcn\u00fczle \u00e7at\u0131\u015fmayan, proje bilgi alanlar\u0131n\u0131n proje y\u00f6netim s\u00fcre\u00e7lerine etkin entegrasyonlar\u0131n\u0131<\/strong><\/span><br \/><span style=\"color: #ffffff;\"><strong>sa\u011flay\u0131p uygulanabilir bir proje y\u00f6netimi altyap\u0131s\u0131 sa\u011flayarak kapasitenizi artt\u0131rabiliyoruz.<\/strong><\/span><\/h2>\t\t\t\t\t\t\t\t<\/div>\n\t\t\t\t<\/div>\n\t\t\t\t<\/div>\n\t\t\t\t<\/div>\n\t\t<div class=\"elementor-element elementor-element-1c43bbc1 e-flex e-con-boxed e-con e-parent\" data-id=\"1c43bbc1\" data-element_type=\"container\">\n\t\t\t\t\t<div class=\"e-con-inner\">\n\t\t<div class=\"elementor-element elementor-element-7ea14e46 e-con-full e-flex e-con e-child\" data-id=\"7ea14e46\" data-element_type=\"container\">\n\t\t\t\t<div class=\"elementor-element elementor-element-6a474f4c elementor-align-center elementor-widget elementor-widget-button\" data-id=\"6a474f4c\" data-element_type=\"widget\" data-widget_type=\"button.default\">\n\t\t\t\t<div class=\"elementor-widget-container\">\n\t\t\t\t\t\t\t\t\t<div class=\"elementor-button-wrapper\">\n\t\t\t\t\t<a class=\"elementor-button elementor-button-link elementor-size-md\" href=\"https:\/\/projedoktoru.com\/index.php\/gap\/\">\n\t\t\t\t\t\t<span class=\"elementor-button-content-wrapper\">\n\t\t\t\t\t\t<span class=\"elementor-button-icon\">\n\t\t\t\t<svg aria-hidden=\"true\" class=\"e-font-icon-svg e-fas-arrow-circle-left\" viewBox=\"0 0 512 512\" xmlns=\"http:\/\/www.w3.org\/2000\/svg\"><path d=\"M256 504C119 504 8 393 8 256S119 8 256 8s248 111 248 248-111 248-248 248zm28.9-143.6L209.4 288H392c13.3 0 24-10.7 24-24v-16c0-13.3-10.7-24-24-24H209.4l75.5-72.4c9.7-9.3 9.9-24.8.4-34.3l-11-10.9c-9.4-9.4-24.6-9.4-33.9 0L107.7 239c-9.4 9.4-9.4 24.6 0 33.9l132.7 132.7c9.4 9.4 24.6 9.4 33.9 0l11-10.9c9.5-9.5 9.3-25-.4-34.3z\"><\/path><\/svg>\t\t\t<\/span>\n\t\t\t\t\t\t\t\t<\/span>\n\t\t\t\t\t<\/a>\n\t\t\t\t<\/div>\n\t\t\t\t\t\t\t\t<\/div>\n\t\t\t\t<\/div>\n\t\t\t\t<\/div>\n\t\t<div class=\"elementor-element elementor-element-7eeaac7f e-con-full e-flex e-con e-child\" data-id=\"7eeaac7f\" data-element_type=\"container\">\n\t\t\t\t<div class=\"elementor-element elementor-element-438bf975 elementor-align-center elementor-widget elementor-widget-button\" data-id=\"438bf975\" data-element_type=\"widget\" data-widget_type=\"button.default\">\n\t\t\t\t<div class=\"elementor-widget-container\">\n\t\t\t\t\t\t\t\t\t<div class=\"elementor-button-wrapper\">\n\t\t\t\t\t<a class=\"elementor-button elementor-button-link elementor-size-md\" href=\"https:\/\/projedoktoru.com\/index.php\/pyya\/\">\n\t\t\t\t\t\t<span class=\"elementor-button-content-wrapper\">\n\t\t\t\t\t\t<span class=\"elementor-button-icon\">\n\t\t\t\t<svg aria-hidden=\"true\" class=\"e-font-icon-svg e-fas-arrow-circle-right\" viewBox=\"0 0 512 512\" xmlns=\"http:\/\/www.w3.org\/2000\/svg\"><path d=\"M256 8c137 0 248 111 248 248S393 504 256 504 8 393 8 256 119 8 256 8zm-28.9 143.6l75.5 72.4H120c-13.3 0-24 10.7-24 24v16c0 13.3 10.7 24 24 24h182.6l-75.5 72.4c-9.7 9.3-9.9 24.8-.4 34.3l11 10.9c9.4 9.4 24.6 9.4 33.9 0L404.3 273c9.4-9.4 9.4-24.6 0-33.9L271.6 106.3c-9.4-9.4-24.6-9.4-33.9 0l-11 10.9c-9.5 9.6-9.3 25.1.4 34.4z\"><\/path><\/svg>\t\t\t<\/span>\n\t\t\t\t\t\t\t\t<\/span>\n\t\t\t\t\t<\/a>\n\t\t\t\t<\/div>\n\t\t\t\t\t\t\t\t<\/div>\n\t\t\t\t<\/div>\n\t\t\t\t<\/div>\n\t\t\t\t\t<\/div>\n\t\t\t\t<\/div>\n\t\t\t\t<\/div>\n\t\t","protected":false},"excerpt":{"rendered":"<p>Projelerin ba\u015flat\u0131lmas\u0131, planlanmas\u0131, y\u00fcr\u00fct\u00fclmesi, monitor ve kontrol edilmesi, ve kapat\u0131lmas\u0131 a\u015famalar\u0131 ve bu a\u015famalar\u0131n her birisinin etkin y\u00fcr\u00fct\u00fclmesi projelerin ba\u015far\u0131s\u0131 i\u00e7in kritik rol oynamaktad\u0131r. Projenin her bir hayat d\u00f6ng\u00fcs\u00fc safhas\u0131nda birbiriyle i\u00e7 i\u00e7e ge\u00e7mi\u015f temel proje y\u00f6netimi bilgi alanlar\u0131n\u0131n derinlemesine uygulanmas\u0131 ise proje ba\u015far\u0131s\u0131n\u0131 garantileyen bir di\u011fer \u00f6nemli unsurdur. Bir taraftan proje hayat d\u00f6ng\u00fcs\u00fc a\u015famalar\u0131ndan &hellip; <\/p>\n<p class=\"link-more\"><a href=\"https:\/\/projedoktoru.com\/index.php\/pyka-2\/\" class=\"more-link\"><span class=\"screen-reader-text\"> &#8220;PROJE Y\u00d6NET\u0130M\u0130 KAPAS\u0130TE ARTTIRIMI&#8221;<\/span>devam\u0131n\u0131 oku<\/a><\/p>\n","protected":false},"author":1,"featured_media":6959,"parent":0,"menu_order":0,"comment_status":"closed","ping_status":"closed","template":"page-templates\/full-width-builder-bb.php","meta":{"footnotes":"","inspiro_hide_title":false},"featured_media_urls":{"thumbnail":["https:\/\/projedoktoru.com\/wp-content\/uploads\/2023\/11\/risk-150x150.jpg",150,150,true],"medium":["https:\/\/projedoktoru.com\/wp-content\/uploads\/2023\/11\/risk-300x169.jpg",300,169,true],"medium_large":["https:\/\/projedoktoru.com\/wp-content\/uploads\/2023\/11\/risk-768x432.jpg",768,432,true],"large":["https:\/\/projedoktoru.com\/wp-content\/uploads\/2023\/11\/risk-1024x576.jpg",950,534,true],"1536x1536":["https:\/\/projedoktoru.com\/wp-content\/uploads\/2023\/11\/risk-1536x864.jpg",1536,864,true],"2048x2048":["https:\/\/projedoktoru.com\/wp-content\/uploads\/2023\/11\/risk.jpg",1920,1080,false],"inspiro-featured-image":["https:\/\/projedoktoru.com\/wp-content\/uploads\/2023\/11\/risk.jpg",1920,1080,false],"inspiro-loop":["https:\/\/projedoktoru.com\/wp-content\/uploads\/2023\/11\/risk-950x320.jpg",950,320,true],"inspiro-loop@2x":["https:\/\/projedoktoru.com\/wp-content\/uploads\/2023\/11\/risk-1900x640.jpg",1900,640,true],"portfolio_item-thumbnail":["https:\/\/projedoktoru.com\/wp-content\/uploads\/2023\/11\/risk-600x400.jpg",600,400,true],"portfolio_item-thumbnail@2x":["https:\/\/projedoktoru.com\/wp-content\/uploads\/2023\/11\/risk-1200x800.jpg",1200,800,true],"portfolio_item-masonry":["https:\/\/projedoktoru.com\/wp-content\/uploads\/2023\/11\/risk-600x338.jpg",600,338,true],"portfolio_item-masonry@2x":["https:\/\/projedoktoru.com\/wp-content\/uploads\/2023\/11\/risk-1200x675.jpg",1200,675,true],"portfolio_item-thumbnail_cinema":["https:\/\/projedoktoru.com\/wp-content\/uploads\/2023\/11\/risk-800x335.jpg",800,335,true],"portfolio_item-thumbnail_portrait":["https:\/\/projedoktoru.com\/wp-content\/uploads\/2023\/11\/risk-600x900.jpg",600,900,true],"portfolio_item-thumbnail_portrait@2x":["https:\/\/projedoktoru.com\/wp-content\/uploads\/2023\/11\/risk-1200x1080.jpg",1200,1080,true],"portfolio_item-thumbnail_square":["https:\/\/projedoktoru.com\/wp-content\/uploads\/2023\/11\/risk-800x800.jpg",800,800,true]},"_links":{"self":[{"href":"https:\/\/projedoktoru.com\/index.php\/wp-json\/wp\/v2\/pages\/6948"}],"collection":[{"href":"https:\/\/projedoktoru.com\/index.php\/wp-json\/wp\/v2\/pages"}],"about":[{"href":"https:\/\/projedoktoru.com\/index.php\/wp-json\/wp\/v2\/types\/page"}],"author":[{"embeddable":true,"href":"https:\/\/projedoktoru.com\/index.php\/wp-json\/wp\/v2\/users\/1"}],"replies":[{"embeddable":true,"href":"https:\/\/projedoktoru.com\/index.php\/wp-json\/wp\/v2\/comments?post=6948"}],"version-history":[{"count":29,"href":"https:\/\/projedoktoru.com\/index.php\/wp-json\/wp\/v2\/pages\/6948\/revisions"}],"predecessor-version":[{"id":7377,"href":"https:\/\/projedoktoru.com\/index.php\/wp-json\/wp\/v2\/pages\/6948\/revisions\/7377"}],"wp:featuredmedia":[{"embeddable":true,"href":"https:\/\/projedoktoru.com\/index.php\/wp-json\/wp\/v2\/media\/6959"}],"wp:attachment":[{"href":"https:\/\/projedoktoru.com\/index.php\/wp-json\/wp\/v2\/media?parent=6948"}],"curies":[{"name":"wp","href":"https:\/\/api.w.org\/{rel}","templated":true}]}}